= 28 + -16. Let g(j) = j**3 + 5*j**2 - 6*j - 1. Let y be g(-6). What is the remainder when 13 is divided by y/(-4) - (-57)/z?
3
Let f be 12/(-30) - (-12)/5. Suppose 0 = -0*p - f*p + 16. What is the remainder when 22 is divided by p?
6
Let k(x) = x - 6. Let t(h) = -h**3 + 4*h**2 + 3*h + 3. Let g be t(5). Let v be 14 + 2 + g + 2. Calculate the remainder when k(v) is divided by 3.
2
What is the remainder when 21 is divided by (9/2)/((-24)/(-32))?
3
Let w = 31 - 13. Let b = -693 - -744. Calculate the remainder when b is divided by w.
15
Let l be 300/78 - (-2)/13. Suppose q + 4*g - 1 = 0, l*g - 57 = -4*q - 5. Let z = q - 12. Calculate the remainder when z is divided by 2.
1
Let x = -1 + 4. Suppose x*g - 28 - 29 = 0. What is the remainder when 36 is divided by g?
17
Suppose 4*c = 5*d + 1, -18 = -3*c - 4*d + 2*d. Let h be ((-82)/3)/(c/(-6)). Suppose 5*y = 9 + h. What is the remainder when y is divided by 4?
2
What is the remainder when 95 is divided by 19/38 + (-94)/(-4)?
23
Let u = -33 + 79. Let x(m) = m**3 - 3*m**2 + 4*m. Calculate the remainder when u is divided by x(3).
10
Suppose 2*o - 7 - 3 = 0. Suppose 0 = 3*m - 5*v - 23, m + 0*m = o*v - 9. Calculate the remainder when m is divided by 9.
7
Let u = 27 + -38. Calculate the remainder when 2/7 + (-444)/(-14) is divided by 3 + -3 + 0 - u.
10
Suppose y - 118 = -y. Suppose 4*h = -0*h, 5*h + 100 = 4*n. Suppose y = 2*k + n. Calculate the remainder when k is divided by 6.
5
Let i(h) = 2*h**2 + h - 17. Calculate the remainder when i(-7) is divided by 40.
34
Suppose -20 = 9*f - 11*f. Suppose 3*w = -12, 4*i = w + 2*w + 88. What is the remainder when i is divided by f?
9
What is the remainder when 59 is divided by (-427)/(-14) + 3/6?
28
Let b = 2 - -3. Let z = b + -3. Suppose -z*q = -q - 5. Calculate the remainder when 13 is divided by q.
3
Let n be (-5)/(50/12)*35. Let s = n - -101. Calculate the remainder when s is divided by 20.
19
Let y = -9 + 15. Let d = -4 + y. Suppose o - d*r - 41 = 2*r, -3*r + 27 = 2*o. Calculate the remainder when o is divided by 11.
10
Let k = 31 + -13. Calculate the remainder when 34 is divided by k.
16
Suppose 30 = 11*r - 25. What is the remainder when 17 is divided by r?
2
Suppose 0 = 3*u + 15 - 72. Calculate the remainder when 59 is divided by u.
2
Let j(d) = d**3 - 8*d**2 - 5*d - 9. Let c = -31 - -82. Calculate the remainder when c is divided by j(9).
24
Let t(d) = 27*d**3 - 1. Suppose 5*o - 2*r + 27 - 67 = 0, 2*r + 10 = 0. Calculate the remainder when t(1) is divided by ((-9)/o)/(6/(-56)).
12
Suppose x = 3*v - 6, 5*x + v + 0*v - 18 = 0. Suppose -t = -x*t + 158. What is the remainder when t is divided by 20?
19
Suppose 0 = -2*f + 3*d + 49, -f + 3*d = -0*d - 32. What is the remainder when f is divided by 7?
3
Let h = 40 - -144. Suppose -3*s + k + h = 51, 0 = s - 2*k - 46. What is the remainder when s is divided by 15?
14
Suppose 0 = 5*u - 2*u - 105. Let w(p) be the third derivative of p**4/8 - p**3/2 + 3*p**2. What is the remainder when u is divided by w(4)?
8
Let p(y) = y + 14. Suppose 0 = 3*t - 2*t. Let n(w) = w**3 - w + 41. What is the remainder when n(0) is divided by p(t)?
13
Let m = -15 - -30. Suppose 0 = -5*s - 4*f + 258, -f = 4*s - 217 + m. What is the remainder when s is divided by ((-34)/4)/((-2)/4)?
16
Let l(c) = c. Let m be l(5). Let n = 184 + -51. Suppose -3*h = -m*p + n, 27 = 4*p + 4*h - 105. What is the remainder when p is divided by 15?
14
Suppose 0 = -5*k - 3*a + 55, 0 = -4*k + 5*a - a + 44. Suppose -k = -2*o + 33. What is the remainder when o is divided by 4/10 - 232/(-20)?
10
Let o = -133 - -273. Suppose 5*n - o = -f - 2*f, -n + 41 = -2*f. What is the remainder when n is divided by 8?
7
Suppose -5*y = -4*y + 9. Let f(r) = 0 + r**2 - 2*r + 6*r - 2. What is the remainder when f(y) is divided by 11?
10
Calculate the remainder when 36 - (1/(-7))/(2/(-14)) is divided by 18.
17
What is the remainder when 825/11 - (1 - 0) is divided by 15?
14
Suppose 5*c - 4*q + 13 + 16 = 0, -3*q + 15 = -3*c. Let t(b) = -b - 12. Let m be t(c). Calculate the remainder when 34 is divided by (-4 - m)/((-2)/18).
7
Let c(o) = -o**3 + 6*o**2 + 4*o + 1. Let p be c(8). Let h = 159 + p. What is the remainder when h is divided by 22?
20
Let c(o) = 3*o**2 + o + 3. What is the remainder when 107 is divided by c(-3)?
26
Let q be (-1 + -3)/((-4)/6). Suppose q*h = 3*h + 9. Calculate the remainder when (-21)/(-2)*(-2)/(-3) is divided by h.
1
Suppose 5*y - 5 = 5*p, 4*p - 2 = 2*y + p. Calculate the remainder when 8 is divided by y.
3
Suppose 5*b = 59 + 66. What is the remainder when b is divided by 9?
7
Suppose -4*x + 140 = 44. Suppose -37 = 5*y - 5*r - 122, 3*r = -12. What is the remainder when x is divided by y?
11
Suppose 4*j + 32 = -2*n + 8, 2*j = 2*n - 6. Let s = 5 + n. Calculate the remainder when 29 is divided by 16 - (2 - (s - 2)).
14
Let m(a) = 4*a - 1. Let r = -7 - 1. Let q be (1*r)/((-4)/2). What is the remainder when 28 is divided by m(q)?
13
Let j(u) = u + 3. Let w be j(6). Suppose -3 = -2*t + w. Calculate the remainder when 16 is divided by t.
4
Suppose 0 = 4*i - 2*i + 4. Calculate the remainder when 5 is divided by 4/1 - (-4)/i.
1
Let d be 0 + (2 - 4) + 4. Suppose 20 = -5*l, -126 = -3*m + l + d*l. What is the remainder when m is divided by 13?
12
Let x(h) = -8*h + 6. What is the remainder when x(-2) is divided by 12?
10
Let z(b) = 2*b**3 - 4*b**2 + 3*b - 2. What is the remainder when z(2) is divided by 2?
0
Suppose 18 + 27 = 5*t - 5*w, -4*t = 5*w - 18. Suppose -t*j = -3*j + 16. What is the remainder when 24 is divided by (2 + 34/j)*-2?
11
Suppose 3*q = -n + 2, 4*n - 5*q = 5*n. Let u = 2 + 6. What is the remainder when u is divided by n?
3
Suppose -t - 4 = -4*s + 52, 4*s - 48 = -t. Calculate the remainder when 24 is divided by s.
11
Let n = -8 - -12. Suppose 4*f - 146 = r - n*r, -f = 3*r - 41. Calculate the remainder when f is divided by 9.
8
Let f(x) = x. Let r be f(6). Suppose p - 4*c = -r + 21, 105 = 4*p - c. Calculate the remainder when p is divided by 7.
6
Let s = 16 + -4. What is the remainder when 46 is divided by s?
10
Let c(b) = 8*b**3 - 6*b**2 - 6*b + 3. Let q(l) = -l**3 - l**2 - l + 1. Let f(r) = -c(r) + 4*q(r). Calculate the remainder when 62 is divided by f(-1).
10
Suppose -3*x - a + 2*a + 76 = 0, 0 = 4*x - 2*a - 100. Calculate the remainder when 102 is divided by x.
24
Let w = 58 - 34. Calculate the remainder when 45 is divided by w.
21
Let x(v) = 2*v**2 - 3*v + 2. Let h(u) = u**3 + 8*u**2 - 8*u - 23. Calculate the remainder when h(-8) is divided by x(3).
8
Suppose -15 = -2*z + c - 1, 4*c = 0. Let w be 14/((-5)/(15/(-6))). Let y(q) = q - 3. What is the remainder when z is divided by y(w)?
3
Let g(i) = 5*i**2 + 5*i + 4. Suppose 4 = -2*q, -2*d - 3 = -3*d - q. Let o be 2/5 + (-17)/d. What is the remainder when g(o) is divided by 12?
10
Suppose -5*j = 5, 73 - 306 = -o + 5*j. Suppose -3*m + o = m. What is the remainder when 25 is divided by (-1)/(2 + m/(-27))?
7
Suppose d - 15 = -v + 6*v, 4*d - 12 = -4*v. Suppose -d*a + 193 = 2*i, -i + 76 = -4*a + 220. What is the remainder when a is divided by 10?
7
Let t be (-2)/(-10) + (-264)/(-30). Let x(m) = m**3 - 10*m**2 + 11*m - 7. What is the remainder when 21 is divided by x(t)?
10
What is the remainder when 33 is divided by (-6)/8 - 230/(-40)?
3
Suppose -x + 26 = -12. Calculate the remainder when 188 is divided by x.
36
Let t = 14 + -3. What is the remainder when (2 + -1)/(0 + (-2)/(-42)) is divided by t?
10
Let z = 2 - -3. Suppose -6*x = -z*x - 2. Suppose -3*m = -17 + x. What is the remainder when 7 is divided by m?
2
Suppose 5*a = 2*k - 4*k + 29, -19 = -a + 4*k. Suppose 0*y = 2*y. Suppose -5*c - d = -65, -c + 4*d + 13 = -y. Calculate the remainder when c is divided by a.
6
Let s(w) = 7*w - 16. Calculate the remainder when s(14) is divided by 21.
19
Let j(v) = -v**2 - 7*v - 2. Let w be j(-6). Suppose -3*x = -7*x - 4*b + w, 2*b = 5*x + 16. What is the remainder when (-1 - 1)*17/x is divided by 6?
5
Let x = 7 + 40. Let k(m) = -3 + 0*m**3 + 15 - m**3 - 11*m**2. What is the remainder when x is divided by k(-11)?
11
Suppose 0 = -2*z + z + 6. Suppose 3*x + z = 4*a + x, -x - 6 = -3*a. Suppose -9 = -k - a*j, -3*k + 23 = k - j. Calculate the remainder when 11 is divided by k.
5
Calculate the remainder when 26 is divided by 9 + (10/(-2)